, what is 1a + -36?
-1a
In base 16, what is 9 + d?
16
In base 4, what is -120212 + 11?
-120201
In base 2, what is 11 - 111?
-100
In base 13, what is 7a - -44?
c1
In base 8, what is -23 - -126?
103
In base 13, what is -6 + -96?
-9c
In base 6, what is 33 - 55?
-22
In base 2, what is 11 - -1001?
1100
In base 14, what is c6 - -9?
d1
In base 13, what is 2 - 109?
-107
In base 9, what is 2527 - 5?
2522
In base 10, what is -170 - 1?
-171
In base 11, what is -5 - 1807?
-1811
In base 11, what is 5 - -314?
319
In base 12, what is -46 - -2?
-44
In base 15, what is -64 - -3a?
-29
In base 3, what is -10 - 121221?
-122001
In base 8, what is 37 + 401?
440
In base 4, what is 1321 - 3003?
-1022
In base 9, what is 5 + -7015?
-7010
In base 6, what is -13 + 0?
-13
In base 14, what is 4 - -53?
57
In base 11, what is -133 - -6?
-128
In base 9, what is 667 + -22?
645
In base 6, what is -5 - 23?
-32
In base 8, what is -60 + -2?
-62
In base 11, what is 863 - -1?
864
In base 3, what is 122 + 0?
122
In base 15, what is 14 + 3?
17
In base 9, what is 3 - 516?
-513
In base 7, what is 2 + 2542?
2544
In base 13, what is -3 - -745?
742
In base 6, what is -1330 + 12?
-1314
In base 3, what is -212010120 - -1?
-212010112
In base 13, what is -43 + 14?
-2c
In base 12, what is 1 - 550?
-54b
In base 4, what is 211 - -10?
221
In base 11, what is 2a + 4?
33
In base 6, what is 30 + 4?
34
In base 9, what is -5 - -3?
-2
In base 2, what is -11 + -110101110?
-110110001
In base 15, what is -c50 + -5?
-c55
In base 2, what is 11 + 11001?
11100
In base 4, what is 10 + 112232?
112302
In base 2, what is 11 + 11101111000?
11101111011
In base 8, what is 112 + -6?
104
In base 2, what is -101000100000 - 1?
-101000100001
In base 5, what is -114212 + -10?
-114222
In base 7, what is 1064 - 5?
1056
In base 13, what is 18 + 14?
2c
In base 4, what is 130 + 11?
201
In base 4, what is -10223 + 11?
-10212
In base 12, what is 7 - 1a?
-13
In base 4, what is 3223 - -2102?
11331
In base 2, what is 1010010011010 + 10?
1010010011100
In base 4, what is -2221 + 21?
-2200
In base 5, what is 2 + 1342?
1344
In base 8, what is -57125 + 3?
-57122
In base 12, what is -12a - -4?
-126
In base 5, what is 132 - -3?
140
In base 7, what is -334 + 0?
-334
In base 2, what is 111000011010 + 100?
111000011110
In base 5, what is -214 - -1?
-213
In base 14, what is 2 - 261?
-25d
In base 11, what is 14 - 1a0?
-187
In base 10, what is 3 + -2288?
-2285
In base 4, what is 3211112 + 1?
3211113
In base 6, what is -13 + -30?
-43
In base 9, what is -278 + 0?
-278
In base 10, what is -2 + -1265?
-1267
In base 5, what is -223 - -42?
-131
In base 15, what is 66a3 + -1?
66a2
In base 4, what is -2132 - 2?
-2200
In base 2, what is -1110001010 - -100?
-1110000110
In base 11, what is 98 - -37?
124
In base 7, what is 3463 - -2?
3465
In base 5, what is -20 + 2032?
2012
In base 14, what is 8 - 167c?
-1674
In base 8, what is 256 - 21?
235
In base 13, what is 1 - 4c?
-4b
In base 11, what is 4 - -61?
65
In base 11, what is -5 + 1?
-4
In base 4, what is 0 - 212202?
-212202
In base 2, what is 1 + 110011?
110100
In base 12, what is -b2 + -2?
-b4
In base 12, what is 10 + 7?
17
In base 9, what is -8 + -62?
-71
In base 12, what is 4 + a?
12
In base 7, what is 3 + 400?
403
In base 2, what is -11011001 - 100?
-11011101
In base 2, what is -1111 - -10101?
110
In base 5, what is 1134 - -2?
1141
In base 14, what is 44 + 79?
bd
In base 8, what is 4 + 31?
35
In base 12, what is -1 - 29?
-2a
In base 16, what is -1 - -12c7?
12c6
In base 9, what is 4 + 140?
144
In base 3, what is -2211 + -112?
-10100
In base 6, what is 440 - 4?
432
In base 12, what is 12b + 21?
150
In base 15, what is 119 + 4?
11d
In base 7, what is -5 - -11402?
11364
In base 5, what is 3 + -244?
-241
In base 4, what is 2 - 322?
-320
In base 7, what is 35 + 6?
44
In base 8, what is 45 - -516?
563
In base 13, what is 45 + -1b?
27
In base 9, what is 123 + 16?
140
In base 3, what is -2 + 122120?
122111
In base 8, what is -101 - 13?
-114
In base 6, what is 130 + -10?
120
In base 12, what is 13b - 0?
13b
In base 2, what is 1010010 - 101?
1001101
In base 13, what is 1120 + 1?
1121
In base 16, what is -494 + -3?
-497
In base 3, what is 0 + -101110?
-101110
In base 14, what is -282 + 1d?
-263
In base 3, what is 10 - -211?
221
In base 12, what is 30 + a?
3a
In base 5, what is -33443 - -2?
-33441
In base 15, what is -1 + -6b?
-6c
In base 9, what is 303 - -77?
381
In base 4, what is 12 + 300?
312
In base 13, what is -1 + -8a?
-8b
In base 6, what is 142100 + -5?
142051
In base 14, what is 53c + 0?
53c
In base 7, what is -2213 + 3?
-2210
In base 11, what is 383 - 5?
379
In base 7, what is -213 - -23?
-160
In base 10, what is -2 + -197?
-199
In base 12, what is 107 - 4?
103
In base 15, what is 35 + -29?
b
In base 11, what is -6 - -19?
13
In base 16, what is 279 - 2?
277
In base 15, what is -1 - 41?
-42
In base 10, what is -579 + -20?
-599
In base 4, what is 22030 + -3?
22021
In base 16, what is -1438 + 1?
-1437
In base 9, what is 46 + 14?
61
In base 3, what is 1110211 - 12?
1110122
In base 6, what is 1402 - 1?
1401
In base 2, what is 110001110 + 110?
110010100
In base 11, what is 540 + 0?
540
In base 5, what is 214 + -110?
104
In base 13, what is -5 - 603?
-608
In base 5, what is 44414 - -3?
44422
In base 4, what is 10 - -11200?
11210
In base 16, what is -2 + 232?
230
In base 14, what is 15 + -1a1?
-18a
In base 5, what is -34 + 4?
-30
In base 7, what is 4322 + 6?
4331
In base 11, what is -2 + 2?
0
In base 4, what is 20 + 12030?
12110
In base 13, what is 3 + -68?
-65
In base 4, what is -230 - -2?
-222
In base 8, what is 20 + 163?
203
In base 14, what is -2 - 26d?
-271
In base 8, what is 75 - 7?
66
In base 12, what is 0 - 894?
-894
In base 12, what is 5 - a?
-5
In base 13, what is c + -120?
-111
In base 3, what is 11 - -100011?
100022
In base 13, what is 2b - 2?
29
In base 9, what is 1843 + 1?
1844
In base 11, what is -10 + -4?
-14
In base 4, what is -2 + -11312?
-11320
In base 13, what is 1aa - 4?
1a6
In base 7, what is -3 - -34?
31
In base 5, what is -122 - -432?
310
In base 14, what is -2 - -14d1?
14cd
In base 8, what is 3 + 162?
165
In base 14, what is -492 + 5?
-48b
In base 6, what is 545 - -12?
1001
In base 2, what is -101 - 110110100?
-110111001
In base 13, what is 70c - -2?
711
In base 4, what is 23 - 13123?
-13100
In base 14, what is -70 - -4?
-6a
In base 7, what is -3 + 62?
56
In base 7, what is 13 - 33?
-20
In base 5, what is -414 + -224?
-1143
In base 11, what is 4 + a7?
100
In base 4, what is 100 - 1102?
-1002
In base 13, what is -328 - 29?
-354
In base 7, what is 3 - -2635?
2641
In base 9, what is 41 + 10?
51
In base 2, what is 100001000001 + -100?
100000111101
In base 8, what is 62 + 1?
63
In base 2, what is -1 - 110101?
-110110
In base 5, what is 124 + -1120?
-441
In base 14, what is 14 - -2?
16
In base 14, what is 263 + 3?
266
In base 6, what is -12 + 130?
114
In base 15, what is 1 - 4b2?
-4b1
In base 13, what is 5 - -6?
b
In base 8, what is 537 + -12?
525
In base 16, what is -5 + -b7?
-bc
In base 8, what is 3 + 107?
112
In base 9, what is -13 + 61?
47
In base 2, what is -100 + 110010011?
110001111
In base 6, what is 5 + -24?
-15
In base 14, what is 52 - -17?
69
In base 10, what is -135 - 0?
-135
In base 14, what is 6 + -3?
3
In base 16, what is -5a - -a?
-50
In base 11, what is -24 - -12?
-12
In base 5, what is -14 + -21?
-40
In base 15, what is -b9 + -2?
-bb
In base 14, what is -69 - -11?
-58
In base 7, what is -5012 - -1?
-5011
In base 14, what is -b3 - 3?
-b6
In base 9, what is -110 - 7?
-117
In base 3, what is 101211100 + -10?
101211020
In base 12, what is 3050 - -4?
3054
In base 14, what is -1 + -12c?
-12d
In base 7, what is -13536 + 4?
-13532
In base 5, what is -4 + 2?
-2
In base 2, what is 110000 - -11?
110011
In base 3, what is -11 + -122200?
-122211
In base 14, what is -848 + -5?
-84d
In base 5, what is -4 + 132124?
132120
In base 7, what is -1 - 6230?
-6231
In base 12, what is -36 + 75?
3b
In base 8, what is -45 - 3?
-50
In base 11, what is -16 + 2a?
14
In base 14, what is -2c - 19?
-47
In base 7, what is 44 + 4?
51
In base 6, what is 1101 - -35?
1140
In base 16, what is -13 + -7d?
-90
In base 3, what is -2210112 - 0?
-2210112
In base 2, what is 110010 + -1?
110001
In base 7, what is -1 - 